-9
Let b(r) = -6*r - 1. Suppose 27 = 3*v - 3*y, 4*y = -v + 6 - 2. Suppose 4*i = 5*l - 36, -5*l - 28 = -9*l + 3*i. Suppose -l*f - 4 = -v*f. What is b(f)?
-7
Let f be (135/15 + -9)/5. Let y(u) = u**3 - 2*u**2 + 3*u - 8. Determine y(f).
-8
Let m(u) be the third derivative of -u**6/120 - u**5/20 + 5*u**4/24 + u**3/6 + 937*u**2. Determine m(-4).
-3
Let p(v) = v**2 - 3*v - 3. Suppose 6 = a + 4*s, -1 = 2*a + 3*s - 3. Let g(m) = -2*m**2 + 7*m + 7. Let b(i) = a*g(i) - 5*p(i). Give b(5).
-19
Suppose 16 = -8*j + 56. Suppose -j*o = 15*o - 100. Let z(t) = t**3 - 5*t**2 + 3*t. Calculate z(o).
15
Let v(r) = -12*r**2 - 7*r**2 + 1946*r - 1947*r. What is v(1)?
-20
Let i = 17 + -11. Let w be 0/((-16)/(-10) - (-26)/65). Let v be 6*(i/9 - w). Let l(g) = g**3 - 3*g**2 - 6*g + 5. Give l(v).
-3
Let n = -30 + 13. Let y = n - -19. Let d(t) be the third derivative of -t**4/6 + 5*t**3/6 + 1521*t**2. Give d(y).
-3
Suppose 3*o = -o + 48. Suppose -3 = f + 2*s, 6*s + o = -3*f + 3*s. Let j(c) = 7 - c + 4*c - 1. Calculate j(f).
-9
Let n = -20 + 18. Let m be 5/10*n + 3. Let k(b) = -2*b**3 + 2*b**2 + 3*b - 3. Give k(m).
-5
Suppose 462*v + 3*q + 46 = 460*v, -3*v = -4*q + 35. Let a(o) = o**3 + 18*o**2 + 17*o - 18. Give a(v).
-18
Let k(c) = -9*c + 98 + 9*c + 18*c + 61 - 201. Determine k(2).
-6
Let z = 1646525 + -1646521. Let m(n) be the first derivative of -n**4/4 + 4*n**3/3 - 5*n**2/2 + 2*n - 1. What is m(z)?
-18
Let p(z) = 288*z - 43 + 10 - 285*z - 32. Calculate p(21).
-2
Let y(f) = -3*f**3 + 2*f**2 + 2*f - 1. Let n be (4/3)/(2/3). Let g be y(n). Let v = g + 17. Let h(p) = -4*p + 6. What is h(v)?
-10
Let t(o) = -27*o - 1. Let g(d) = -26*d + 4. Let k(p) = g(p) - t(p). Let u = -6 - -13. What is k(u)?
12
Let x(z) = -6*z + 1. Let a be x(0). Let y(w) = -a + 0 - 3*w + 4*w. Let g be y(-3). Let d(j) = j**2 + j. Determine d(g).
12
Let y(o) be the third derivative of o**7/1260 + o**6/144 + o**5/20 + o**4/12 + 5*o**3 + 61*o**2 + 2. Let h(l) be the second derivative of y(l). Give h(-4).
18
Let y = -707 + 702. Let s(n) = -2*n**2 - 3*n + 1. Let u(l) = 3*l**2 + 4*l + 3*l + 0*l - 3. Let b(o) = y*s(o) - 3*u(o). Give b(5).
-1
Let b(q) = 151*q + 452. Let d be b(-3). Let z(f) = -9*f. Let y(m) = 3*m. Let w(g) = -11*y(g) - 4*z(g). Give w(d).
-3
Let k(y) = y + 7. Let v = 75 + -61. Suppose -9*s = -7*s - v. Give k(s).
14
Let m(z) = 53*z + 529. Suppose -19*b - 85 - 14 = 91. Calculate m(b).
-1
Suppose -59*g - 53*g = -114*g + 6. Let x(w) be the second derivative of -1/2*w**2 + 1/3*w**g + 0 - 20*w. Give x(1).
1
Let p be -8*(-14 + 406/28). Let y(o) = 8*o + 43. Give y(p).
11
Let d(u) = -u**2 - 194*u - 3915. Let m be d(-23). Let b(a) = -a**3 + 18*a**2 - 4*a - 39. What is b(m)?
-111
Let w(i) be the first derivative of i**3/3 + i**2/2 - 33*i - 1442. What is w(-6)?
-3
Let p(f) = f**3 + 4*f**2. Let s(i) = -28*i - 284. Let r be s(-10). Let q be p(r). Let o(j) = 5 + 15 + j**2 - j + 2*j. What is o(q)?
20
Suppose -4*v + 27*a - 30*a = 6, 0 = 2*v + 4*a - 2. Let p(b) = 9*b**2 - 9*b. Let x(l) = 8*l**2 - 7*l - 1. Let y(k) = v*x(k) + 2*p(k). Calculate y(-2).
-27
Let z = 23 + -26. Let s = z + -3. Let w(p) = -p**2 - 3*p + 3. What is w(s)?
-15
Let w be 3 + 0 + (4 - (0 + 2)). Suppose -2*q - 1 = 2*s + 5, s - w = q. Let v(y) = -4*y**2 + 2*y**3 - y**3 - 2*y + 8*y**2. Calculate v(q).
8
Let s = 19 + -15. Let x(d) be the second derivative of d**5/30 - 5*d**4/24 - 2*d**3/3 + 6*d**2 + 15*d. Let f(m) be the first derivative of x(m). Give f(s).
8
Let k = -21669 + 21664. Let f(y) = -2*y**2 - 16*y - 30. Determine f(k).
0
Let i be (3/(-25))/((-1289)/(-32225)). Let f(j) be the second derivative of 4*j**3/3 - j**2 - j. Give f(i).
-26
Let n(x) be the first derivative of -2*x**3/3 + 23*x**2/2 + 66*x + 2138. Determine n(-3).
-21
Let g(o) = o**2 + 5*o - 1. Let z(j) = -j**2 - 8*j + 2. Let s be ((-9)/(-7))/((-9)/(-21)). Let t(b) = s*g(b) + 2*z(b). Calculate t(2).
3
Suppose -2*k + 4*k = 58. Let p(g) = -21 - 18 - 4*g + k. Determine p(-4).
6
Let d(f) = -46*f + 1748. Let k(s) = 34*s - 1312. Let u(l) = 10*d(l) + 13*k(l). Calculate u(23).
10
Let j(y) be the first derivative of -126 - y**2 - 1/4*y**4 + 2*y**3 + 7*y. What is j(5)?
22
Let r(k) = -55*k**2 + 5 - 22*k**2 + 81*k**2. Determine r(0).
5
Suppose 4*w + 12 = 0, -w = 3*b - 6*w - 177. Let m(k) = -b + k + 109 - 54 - k**3 - 3*k**2. What is m(-4)?
13
Let g = -98 - -53. Let d be 6/(-8) - (g/12 - 5). Let w(c) = -c**3 + 9*c**2 - 6*c - 7. What is w(d)?
9
Suppose -8 = 4*z - 0. Let h(d) be the third derivative of d**6/120 + d**5/20 + d**4/12 + d**3/3 - 3447*d**2. Calculate h(z).
2
Let n be (2 - 0)/(1 + 12/(-16)). Let g(j) = 14*j - 125. What is g(n)?
-13
Let d(m) be the first derivative of m**2/2 - 14*m + 1215. Calculate d(7).
-7
Let d be (-1 - (-1)/2)*-22. Let k(z) = -2 + d*z - 2 + z**2 - 20*z. Determine k(9).
-4
Let g be 48 + -27 + -13 + -1. Let q(x) = -x**2 + x + 40. Give q(g).
-2
Let a(z) = 7*z**3 - z - 2. Let d(n) = 6*n**3 - 2*n - 2. Let v(m) = -3*a(m) + 2*d(m). Let q(h) be the first derivative of v(h). What is q(-1)?
-28
Let c(r) = r**3 + 2 + r - r**2 + 0*r + 8*r**2. Let a be (-340)/(-18) - ((-164)/18 + 9). Suppose 0 = 23*j + 142 + a. What is c(j)?
-5
Let y(c) = c**2 - 2*c. Let z(j) be the first derivative of 19 + 25/2*j**2 - 2/3*j**3 + 17*j. Let i be z(13). Calculate y(i).
8
Let w be -3*(6 + (-84)/18). Let n(f) = -f**3 - 5*f**2 - 3*f + 1. Give n(w).
-3
Let t(g) be the third derivative of -g**6/120 - 41*g**5/60 + 15*g**4/8 + 127*g**3/6 + 86*g**2 - 14*g. Calculate t(-42).
1
Let o(z) = 2*z - 6*z - 1 + 3 - 6. Suppose -237 = 7*d - 69. Let v(c) = -c - 27. Let p be v(d). Calculate o(p).
8
Let v(y) = 7*y + 96. Let x be v(-14). Let d(c) = -c**3 - 2*c**2 - c + 1. Let k(t) = -3*t**3 - 10*t**2 + 3*t - 6. Let i(m) = x*d(m) + k(m). What is i(-7)?
6
Let c = -14878 - -14878. Let o(l) = -l**3 - 2*l + 15. What is o(c)?
15
Let t(n) = n + 4. Let j(a) = 4*a**2 + 5*a - 12. Let y(x) = j(x) + 4*t(x). Determine y(-3).
13
Let j(h) be the second derivative of h**5/20 - h**4/6 + 2*h**3/3 + h**2/2 + 4240*h. Determine j(3).
22
Let s(o) = -9*o + 7. Let h(g) = -10*g + 8. Let a(d) = -3*h(d) + 4*s(d). Suppose 6 = 3*c - 3*j, 201*j - 200*j - 10 = 4*c. What is a(c)?
28
Let a(s) be the third derivative of -s**6/120 + 11*s**5/60 + 5*s**4/8 - 8*s**3 + 8*s**2 - 69. Calculate a(12).
-12
Let i = 18 + -13. Let f be (-24)/6 - (-14 - -1). Let r(d) = 3*d - d**2 - 9 - 12 + 34 - f. What is r(i)?
-6
Let z(d) be the third derivative of d**5/30 - 2*d**4/3 - 3*d**3/2 - 5*d**2 - 20*d. Calculate z(8).
-9
Let z(l) = 7*l + 2. Let c(f) be the third derivative of -f**4/24 + 65*f**2. Let m be (-2)/3 + 10/6. Let u(j) = m*z(j) + 4*c(j). Calculate u(-4).
-10
Let g(f) = -f**3 - 24*f**2 + 82*f + 32. Let k be g(-27). Let u(q) = 7*q**2 - 6*q - 6. Let p(b) = -4*b**2 + 3*b + 3. Let c(j) = k*p(j) + 3*u(j). What is c(-3)?
15
Let p(d) = -d**2 + 7. Let o = -96 + 111. Let u(g) = -g**3 + 14*g**2 + 15*g. Let x be u(o). Determine p(x).
7
Suppose 294*r = -5944 + 9503 + 16727. Let h(c) = 3*c**3 - 207*c**2 - 3. What is h(r)?
-3
Let m(l) = -l - 11. Let t(b) = -b**2 - 3*b - 9. Let f be t(-5). Let j be m(f). Let q(o) = -4*o + j - 5*o - 6*o**2 + 0*o + o**3 + 2*o. Calculate q(7).
8
Suppose -5*j + 0 = -170. Suppose -30*a = -j*a - 8. Let w(k) = -3*k. Give w(a).
6
Let c(i) = 4*i + 13. Let d be (3/4)/(-2*9/48). What is c(d)?
5
Suppose 784*h - 781*h - 27 = -4*t, -t - 6 = 5*h. Let c(o) be the third derivative of o**5/60 - o**4/12 - o**3/3 + o**2. Determine c(h).
13
Suppose 36 = -2*s - 2*s. Let u(q) = 3*q**3 - 9*q**2 + 2*q - 13. Let z(x) = -x**3 + 101 - x - 190 + 90. Let m(c) = u(c) + 4*z(c). Give m(s).
9
Let z(t) = 13 - t**2 + 5*t - 2*t - 8*t + t. Let r be z(-7). Let x(w) = w - 19. Let n(s) = s - 2. Let i(h) = 2*n(h) - x(h). Determine i(r).
7
Let g = 17067 - 17123. Let s(d) = -d - 61. Give s(g).
-5
Let k(t) = -2*t + 8. Let h = -1600 - -1610. Determine k(h).
-12
Suppose 67*d - 61*d = 222. Suppose -d - 23 = -5*k. Let g(y) = y**3 - 12*y**2 - y + 15. Give g(k).
3
Suppose -3*s = -3*w + 21, 3*s - 12*w = -14*w - 41. Let x(y) = y - 17. Let o(m) = -3*m + 45. Let r(k) = s*x(k) - 4*o(k). Give r(-7).
0
Let q(g) be the third derivative of -g**8/20160 - g**7/504 - g**6/60 + 3*g**5/2 - 71*g**2. Let f(u) be the third derivative of q(u). Give f(-9).
-3
Let p(y) = -y**2 + 3*y + 20. Let m(u) = -u**2 - 11*u - 